 common divisor of l and 8.
2
Suppose -5*q + 21 = 6. Suppose 2*p + q*p = 660. Suppose 85*n + 48 = 89*n. What is the highest common factor of n and p?
12
Let t be (-1)/(-13 + (-67854)/(-5220)). What is the highest common divisor of t and 180?
30
Let c = -5416 + 5421. Calculate the greatest common divisor of 95 and c.
5
Suppose j - d + 3*d = -27, 95 = -3*j + d. Let p be (j/5 + 1)*-35. Calculate the highest common factor of p and 126.
14
Suppose 0 = -5*v + 625 + 660. Suppose 0 = -4*b + v - 61. What is the greatest common divisor of 63 and b?
7
Let d = 17574 + -17570. What is the greatest common divisor of 1500 and d?
4
Let d(w) = w - 3. Let y = -19 - -24. Let j be d(y). Let u = 14 - j. What is the highest common divisor of u and 48?
12
Suppose 7150*x - 7182*x + 28800 = 0. What is the greatest common divisor of x and 2880?
180
Let o(j) = 1024*j**2 + 11*j + 11. Let s be o(-1). Calculate the greatest common divisor of s and 16.
16
Suppose 0 = 3*p + 4*t + 718, 4*t - 868 - 382 = 5*p. Let v = p + 378. Calculate the highest common factor of 33 and v.
33
Let j(b) = -2*b**3 - 17*b**2 + 45*b + 10. Let x be j(-11). What is the highest common factor of 2440 and x?
40
Suppose 0 = -4*h + a + 3*a + 4, 3*a + 5 = 4*h. Suppose -382 = -h*g - 358. Calculate the highest common factor of g and 12.
12
Let y(d) = -d**2 + 251*d - 2862. Let z be y(12). What is the greatest common factor of 5487 and z?
3
Suppose -269*s = -2*k - 271*s + 184, k - 88 = -5*s. What is the highest common divisor of k and 1271?
31
Suppose 2257*c - 1296 = 2233*c. Calculate the greatest common divisor of c and 8154.
54
Let v = -1880 + 3937. Calculate the highest common divisor of v and 44.
11
Let g = 2839 + 361. Calculate the greatest common factor of 240 and g.
80
Let d be (12/10)/((-130)/325)*(-44 - 2). Calculate the highest common divisor of d and 60.
6
Let a(g) = g**3 + 3*g**2 + 8*g - 12. Let t be a(-6). Let i be (20/(-7))/(12/t). Calculate the highest common divisor of 8 and i.
8
Suppose -19*q + 20616 = 66*q - 8454. Suppose 3*n = 2*n + 38. Calculate the greatest common divisor of n and q.
38
Suppose 18*l - 1430 - 3790 = 0. Suppose 179 = p - 2*i + 3*i, 890 = 5*p + 4*i. Calculate the greatest common factor of l and p.
58
Let d(u) = -u**2 - 16*u - 9. Suppose 2*v = v + 3. Suppose 4*a + 5 = r - 52, v*r + 9 = 0. Let s be d(a). Calculate the highest common factor of s and 18.
6
Let k(m) = m**3 + 4*m**2 + 6*m + 9. Let i be k(-3). Suppose -o + i*f - 5*f + 74 = 0, -2*f + 224 = 4*o. What is the highest common factor of o and 135?
27
Let m be (3/(-4))/(4/(-16)). Suppose -5*j = 3*y - 1, m*y = 3*j + 5*y. What is the highest common factor of j and 7?
1
Let f(t) = -4236*t + 5395. Let j be f(-8). Calculate the highest common divisor of j and 241.
241
Suppose 0 = 4*c + 16, 60*h - 57*h - 2*c - 4688 = 0. Calculate the greatest common factor of h and 60.
60
Let h be ((-9)/(-1) - -3)/1. Let c = -80 - -55. Let y be (2 - 1460/c) + 2/(-5). What is the highest common divisor of h and y?
12
Let w(q) = -3*q**3 + 7*q**2 + 4*q - 12. Let i be w(6). Let n = 401 + i. What is the highest common factor of n and 544?
17
Let w be (-245)/50 - -5 - (-41225)/250. Calculate the greatest common factor of 1845 and w.
15
Suppose 7*b = 2*b + 1190. Let x = 2326 + -2312. Calculate the greatest common factor of b and x.
14
Suppose -2*m - 108 = -4*r, -3*r + 797*m = 795*m - 82. Calculate the greatest common divisor of 494 and r.
26
Let s be 61 - 3/((-15)/(-5)). Let g be (s/36)/(5/3). Let m be (-335)/(-10) + g/(-2). What is the highest common factor of m and 11?
11
Suppose 3*o + 12 = 4*f - 27, 4*f + 4*o - 4 = 0. Let b(u) = 2*u**3 - 12*u**2 + 12*u - 12. Let i be b(f). Calculate the greatest common factor of 20 and i.
20
Let t be (44/(-11))/(6/(-24)) + 1. What is the greatest common divisor of 136 and t?
17
Suppose 0 = 38*c - 62*c + 3840. Suppose -l + c = -191. What is the highest common divisor of 13 and l?
13
Let k(n) = -6*n**3 - 207*n**2 - 80*n - 9. Let x be k(-35). Calculate the greatest common divisor of x and 318.
106
Let r = -6885 - -21133. Calculate the highest common factor of 52 and r.
52
Suppose 5*x - 2 + 0 = -3*b, 18 = 4*b - x. Suppose -14 = -b*l + 98. Let g be (30 + 2736/(-95))/(6/105). Calculate the greatest common factor of g and l.
7
Let u be 1/(3/152) + -1*(-10)/30. What is the highest common divisor of u and 561?
51
Let w(v) = -50*v - 68. Let p be w(-18). Let g = -808 + p. Let r(z) = 59*z + 1. Let k be r(1). Calculate the greatest common divisor of g and k.
12
Let p = -2976 - -3006. What is the highest common factor of 168 and p?
6
Let d(i) = 104*i - 230. Let w be d(5). Calculate the greatest common divisor of w and 110.
10
Suppose -2*j + 5*v = 158 - 513, 17*j - 5*v - 2905 = 0. What is the greatest common factor of j and 320?
10
Let f be -1 - (-6 - -4) - (2 + 1). Let d be f/9 - 7385/(-63). Suppose 0 = -3*h - 3, -6*z = -2*z - 3*h - 39. What is the greatest common divisor of d and z?
9
Let g = 823 - 753. Calculate the greatest common factor of 1295 and g.
35
Let w = -562 + 498. Let f be (-119)/(-9) + w/288. Calculate the highest common factor of f and 351.
13
Let p(u) = u**3 + 55*u**2 - 120*u - 167. Let h be p(-57). What is the highest common divisor of 91 and h?
7
Suppose -3675*b + 3687*b - 49 - 287 = 0. Let u = -1 + 3. Suppose 0 = 4*z, -g - b = -u*g - 4*z. Calculate the highest common factor of g and 16.
4
Suppose 3*j - 126 = j. Let f be ((-105)/6)/(10/9*(-189)/504). What is the greatest common divisor of j and f?
21
Let m be (-28 - -13)*(-1)/3. Let g be 4/(-1) - (-67 - 55/m). What is the greatest common divisor of 74 and g?
74
Let y be (4 - 15*(-3)/(-9))*270. Let g = y + 316. What is the greatest common factor of g and 69?
23
Suppose 125356 = 41*h + 267*h. What is the greatest common factor of 1295 and h?
37
Let p(u) = -4*u**2 - 3*u - 7. Let v be p(-5). Let n be v/(-23)*(-3)/(-4). What is the greatest common divisor of 21 and n?
3
Let j = 3509 - 3387. Calculate the highest common divisor of 58 and j.
2
Suppose -2*s = 5*k + 3*s - 145, 4*s - 91 = -3*k. Let z = 1196 + -848. Let v = z - 198. What is the greatest common factor of v and k?
25
Let h(q) = -q**3 + 45*q**2 + 825*q + 70. Let a be h(59). What is the highest common divisor of 19283 and a?
11
Suppose 9*x - 2719 - 5111 = 0. Suppose -29*p = -23*p + x. Let r = -69 - p. Calculate the highest common divisor of 19 and r.
19
Let n be ((-12)/6 + 0)*(-1 + -374). Calculate the greatest common factor of 20 and n.
10
Let a be (4 + 44/5)*5. Let i be (4 + -8)/((-3)/(-3 - -15)). What is the highest common factor of a and i?
16
Let y be (-1 - 17)*5/(-2). Suppose 60 = -133*b + 148*b. Suppose -4*a - 5*l = -67, -b*l - 21 = -17. What is the greatest common factor of a and y?
9
Let p(a) = a**3 - 115*a**2 - 334*a + 892. Let b be p(119). What is the highest common divisor of 20 and b?
10
Let z be 60/(11 + 4740/(-440)). Suppose -w - 5*u = 3*w - 1418, 0 = -4*w + u + 1406. What is the greatest common divisor of z and w?
88
Suppose 3*z - 209 = -8*z. Let p(r) = -3*r**2 + 35*r - 47. Let o be p(10). Calculate the greatest common divisor of z and o.
1
Let n be 70/6 - 4/(-12). Let j be (-2)/(-8) + (-22)/(-8). Suppose 5*v + 19 = 3*y, j = -5*y + 4*y - 3*v. Calculate the greatest common factor of n and y.
3
Let d(j) = 6*j**2 - j + 412 - 3*j - 459. Let f be d(-9). Calculate the greatest common factor of f and 19.
19
Suppose 5*m + 5*h = 70, 0*h = 5*m - h - 76. Let n be 166/8 + m/60. Let j(d) = -6*d - 99. Let g be j(-20). What is the greatest common divisor of g and n?
21
Suppose -w + 218 = -76. Let s be (-2)/6 + (w/18 - -4). Suppose 3*x - 95 + 5 = 0. What is the highest common divisor of s and x?
10
Suppose 374*n - 6786 = -3*o + 371*n, o + 8*n - 2206 = 0. What is the highest common factor of o and 70?
10
Suppose -2*g = -m + 267 + 14, 0 = -m + 5*g + 293. Let a = 638 + -617. What is the greatest common divisor of a and m?
21
Let p(z) = 7*z**2 + 4*z - 26. Suppose 0 = 71*l - 15*l - 224. Let u be p(l). Calculate the highest common factor of u and 24.
6
Let d(r) = -r**3 - 15*r**2 - 15*r - 11. Let l be d(-14). Suppose -24 = -4*k + l*k. Let i = -5 - -8. What is the highest common factor of i and k?
3
Suppose 3436 = 2*j - 4*v, -65*v + 60*v = 5*j - 8665. Calculate the highest common divisor of 54 and j.
54
Suppose 